{"id":9265,"date":"2021-07-10T07:27:25","date_gmt":"2021-07-10T05:27:25","guid":{"rendered":"https:\/\/scienceetonnante.com\/?page_id=9265"},"modified":"2025-03-09T17:03:08","modified_gmt":"2025-03-09T16:03:08","slug":"livres","status":"publish","type":"page","link":"https:\/\/scienceetonnante.com\/blog\/livres\/","title":{"rendered":"Mes Livres"},"content":{"rendered":"<p>J&rsquo;ai eu la chance et le plaisir d&rsquo;\u00e9crire deux livres de vulgarisation.<\/p>\n<p><img decoding=\"async\" class=\"aligncenter size-full wp-image-9270 lazyload\" data-src=\"https:\/\/scienceetonnante.com\/blog\/wp-content\/uploads\/2021\/07\/livres.png\" alt=\"\" width=\"1000\" height=\"654\" data-srcset=\"https:\/\/scienceetonnante.com\/blog\/wp-content\/uploads\/2021\/07\/livres.png 1000w, https:\/\/scienceetonnante.com\/blog\/wp-content\/uploads\/2021\/07\/livres-300x196.png 300w\" data-sizes=\"(max-width: 1000px) 100vw, 1000px\" src=\"data:image\/svg+xml;base64,PHN2ZyB3aWR0aD0iMSIgaGVpZ2h0PSIxIiB4bWxucz0iaHR0cDovL3d3dy53My5vcmcvMjAwMC9zdmciPjwvc3ZnPg==\" style=\"--smush-placeholder-width: 1000px; --smush-placeholder-aspect-ratio: 1000\/654;\" \/>Le premier <strong>\u00ab\u00a0Mais qui a attrap\u00e9 le bison de Higgs ?\u00a0\u00bb<\/strong>, vous pr\u00e9sente une vingtaine de sujets scientifiques \u00e9tonnants ou fascinants, en provenance de toutes les disciplines de la science.<\/p>\n<p>Le deuxi\u00e8me <strong>\u00ab\u00a0Insoluble mais vrai !\u00a0\u00bb<\/strong> porte sur les plus grandes questions encore non-r\u00e9solues en maths, physique, biologie&#8230;<\/p>\n<p>Vous trouverez les liens ci-dessous.<\/p>\n<p><a href=\"https:\/\/www.librairiesindependantes.com\/product\/9782080275424\/\" target=\"_blank\" rel=\"noopener\">https:\/\/www.librairiesindependantes.com\/product\/9782080275424\/<\/a><\/p>\n<p><a href=\"https:\/\/www.librairiesindependantes.com\/product\/9782080419460\/\" target=\"_blank\" rel=\"noopener\">https:\/\/www.librairiesindependantes.com\/product\/9782080419460\/<\/a><\/p>\n","protected":false},"excerpt":{"rendered":"<p>J&rsquo;ai eu la chance et le plaisir d&rsquo;\u00e9crire deux livres de vulgarisation. Le premier \u00ab\u00a0Mais qui a attrap\u00e9 le bison de Higgs ?\u00a0\u00bb, vous pr\u00e9sente une vingtaine de sujets scientifiques \u00e9tonnants ou fascinants, en provenance de toutes les disciplines de la science. Le deuxi\u00e8me \u00ab\u00a0Insoluble mais vrai !\u00a0\u00bb porte sur les plus grandes questions encore<\/p>\n","protected":false},"author":1,"featured_media":0,"parent":0,"menu_order":0,"comment_status":"closed","ping_status":"closed","template":"","meta":{"jetpack_post_was_ever_published":false,"footnotes":""},"class_list":["post-9265","page","type-page","status-publish"],"jetpack_sharing_enabled":true,"post_mailing_queue_ids":[],"_links":{"self":[{"href":"https:\/\/scienceetonnante.com\/blog\/wp-json\/wp\/v2\/pages\/9265","targetHints":{"allow":["GET"]}}],"collection":[{"href":"https:\/\/scienceetonnante.com\/blog\/wp-json\/wp\/v2\/pages"}],"about":[{"href":"https:\/\/scienceetonnante.com\/blog\/wp-json\/wp\/v2\/types\/page"}],"author":[{"embeddable":true,"href":"https:\/\/scienceetonnante.com\/blog\/wp-json\/wp\/v2\/users\/1"}],"replies":[{"embeddable":true,"href":"https:\/\/scienceetonnante.com\/blog\/wp-json\/wp\/v2\/comments?post=9265"}],"version-history":[{"count":5,"href":"https:\/\/scienceetonnante.com\/blog\/wp-json\/wp\/v2\/pages\/9265\/revisions"}],"predecessor-version":[{"id":9866,"href":"https:\/\/scienceetonnante.com\/blog\/wp-json\/wp\/v2\/pages\/9265\/revisions\/9866"}],"wp:attachment":[{"href":"https:\/\/scienceetonnante.com\/blog\/wp-json\/wp\/v2\/media?parent=9265"}],"curies":[{"name":"wp","href":"https:\/\/api.w.org\/{rel}","templated":true}]}}